x(z) = -z**3 + 7*z**2 - z + 10. Give x(l).
3
Let l(n) = -n**2 + 6*n**3 - 13*n**3 + 1 + 2*n**2 + 4*n**3. Let b be (2 + 14/(-8))/((-4)/(-32)). Give l(b).
-19
Suppose 0 = -t + 3*t + a - 231, 0 = 5*t - 3*a - 572. Let v = t + -110. Let o(r) = r + 3. Determine o(v).
8
Let c(m) = -m**3 + m**2 + 3*m - 5. Let q be -7 + (-6 - -11 - -6). Calculate c(q).
-41
Let x(j) = -22 + 0 + 23*j + 21 - 2*j. Calculate x(-1).
-22
Let p(n) = n**3 - 3*n**2 - 5. Let o be p(3). Let f(w) = w**3 + 7*w**2 + 8*w + 6. Give f(o).
16
Let j(g) = -g**2 - 3*g + 3. Suppose 11 - 7 = 2*l. Suppose 0*y - l*w - 6 = -5*y, 6 = 3*w. Give j(y).
-7
Let t(m) = -1 + m + m**2 + 2*m + 3*m. Let k be -10 + (-51)/(-10) + (-3)/30. Calculate t(k).
-6
Let v(j) = j**3 + 4*j**2 + j - 4. Let c be v(-3). Let y(z) = 6*z + z**c - 4*z + 2 - 1. Let b = -3 - 1. Give y(b).
9
Let t(v) = -v**2 + 7*v + 4. Let g(c) = -c**2 + 6*c + 3. Let z(k) = -6*k - 44. Let x be z(-7). Let a(b) = x*t(b) + 3*g(b). Give a(3).
4
Suppose 5*u + 36*u - 164 = 0. Let i(q) = 7*q - 5. Give i(u).
23
Let y = -20 + 12. Let o(v) be the third derivative of v**6/120 + 2*v**5/15 + v**4/24 + v**3/2 - 39*v**2. Determine o(y).
-5
Let c(f) = -f - 7. Suppose 2*o = -5*m + 2*m + 3, 1 = m + 2*o. Suppose -m + 1 = 5*b. Calculate c(b).
-7
Let n(g) = -g**3 - 6*g**2 - 7*g - 3. Let d be n(-5). Let t(a) = d + 22*a - 13 + 7. What is t(1)?
23
Let j(b) = 7*b**3 - b**2 - 2*b + 3. Suppose -18*u + 7*u + 11 = 0. Give j(u).
7
Let t = -13 + 39. Suppose t = 5*h - 4*r, -20 = 3*r + 2*r. Let v(u) = 2*u + 1. Let f(w) = -6*w - 3. Let l(m) = 2*f(m) + 7*v(m). What is l(h)?
5
Let b(s) be the second derivative of -s**5/20 + s**4/4 - 2*s**3/3 + s**2 - 22*s. Let l(r) = -2*r + 33. Let c be l(15). Calculate b(c).
-10
Let j(a) = -3 - 4 + 2 - a. Suppose 14 - 34 = -5*h. Suppose 4*z = h*u + 20, 15 = -5*u + 4*z - 9. What is j(u)?
-1
Let s be 1/2 + (-1)/(-2). Let v be 14/4 - s/2. Let a(x) = -12*x + 10*x + 5*x + 2*x**2 + v. What is a(-3)?
12
Let k(n) = n**3 + 4*n**2 - 12*n. Let u = -2364 - -2358. Determine k(u).
0
Let f(g) = -1. Let u(t) = -6*t - 16. Let z(q) = -10*f(q) + u(q). Determine z(-4).
18
Let x(g) = -g**2 + 7*g + 1. Let f(v) = -v**2. Let k(m) = 2*f(m) - x(m). Determine k(-5).
9
Suppose -8*r + 10 = -3*r. Let c(w) = -w**2 + 16*w**3 - 4*w**3 - 1 + 0 - r*w. Give c(-1).
-12
Let k(y) = -5*y**2 + y + 5. Let w be k(2). Let u(c) = -c**3 - 14*c**2 - 11*c + 19. What is u(w)?
-7
Let q(v) = 2*v - 5. Let j = -73 + 80. Let x be q(j). Let d(t) = t**3 - 10*t**2 + 9*t + 2. What is d(x)?
2
Let q(a) be the second derivative of a**3/6 + 17*a**2/2 + 27*a - 2. Give q(-12).
5
Let n = 2 + -2. Suppose -9 = 5*o + 2*y + y, n = -o + y - 5. Let b(k) = -132*k**2 - 1 + 2 + 133*k**2. Calculate b(o).
10
Let r(w) = w**3 + 1. Suppose -4*l = 4, -l - 3*l - 16 = -3*z. Suppose -z*j + 3*b - 4 = 0, -j - 3*b + 18 = 2*j. Let v be (5 - 6)*1*j. Give r(v).
-7
Suppose -r = -o - 0 - 1, -r - 3*o + 9 = 0. Let u(f) = 3*f + 19. Let c(k) = -2*k - 8. Let g(w) = 5*c(w) + 2*u(w). Determine g(r).
-14
Let x(u) be the second derivative of u**4/12 + u**3/6 - 5*u**2/2 + 121*u. Calculate x(5).
25
Let j(u) = -u**2 + 136 - 69 - 68 - 3*u + 8*u. Let m be -2 + 10*-1 + -1. Let t = 18 + m. What is j(t)?
-1
Let d be ((-351)/(-18))/((-9)/(-6)). Let m(c) = -c**3 + 12*c**2 + 11*c + 14. Calculate m(d).
-12
Let c(b) = 15*b + 18. Let j(h) = 8*h + 10. Let v(f) = -6*c(f) + 11*j(f). What is v(3)?
-4
Suppose -2*o + 146 = 136. Let z(h) = -h**2 + 4 - 4 - 6*h + o*h + 3. What is z(-3)?
-3
Suppose -56 + 31 = -5*s. Let m(v) = 6*v**2 - 3*v**2 - 4*v**2 + 40 - 38 + s*v. Let j be ((-4)/(-3))/((-2)/(-6)). Give m(j).
6
Let m(u) = -1 - 3*u**2 + 6*u - 3*u**2 + 2*u - 4*u + u**2 - u**3. Calculate m(-6).
11
Let u = 318 + -311. Let y(f) = 3*f + 7. Give y(u).
28
Let m(h) be the second derivative of h**4/24 - 2*h**2 - 6*h. Let x(o) be the first derivative of m(o). What is x(-2)?
-2
Let z = 146 + -143. Let f(j) = 146*j + z - 156*j - j**2 - 4. What is f(-10)?
-1
Let k(b) = 2*b**2 - 1. Let d(t) = -7*t**2 + 2*t + 3. Let x(h) = -d(h) - 4*k(h). Determine x(3).
-14
Let t(d) be the second derivative of d**5/20 + d**4/3 - 5*d**3/6 - 7*d**2/2 + 115*d - 4. What is t(-3)?
17
Let r(l) = -2*l**2 - 4*l - 4*l - 3 + 4*l. Let f(c) = -5*c - 10. Let m(g) = 4*g + 9. Let o(s) = -3*f(s) - 4*m(s). Let i be o(-4). Give r(i).
-3
Let z(i) be the third derivative of 1/24*i**4 - 5*i**2 + 1/2*i**3 - 1/60*i**5 + 0 + 0*i. Suppose d = -2*d. Calculate z(d).
3
Let x(m) = 2*m - 131. Let d(a) = -a + 45. Let t(i) = 8*d(i) + 3*x(i). What is t(-19)?
5
Let o(x) = -40 + 17 + 11 + 2*x + 10. Determine o(2).
2
Let j(o) = -o**2 - 14*o - 20. Let x be j(-12). Suppose 10 = 2*f + 2. Let l(i) = f*i + 24 - 5 - 14 - i**2. What is l(x)?
5
Let x(r) = -3*r - 3. Let c be 6/(-16)*(-20 - -12) + 0. What is x(c)?
-12
Let p(w) = -w**3 - w**2 + 3*w - 3. Let g(y) = 3*y**2 + 2 - 2*y**2 - 2 - 1. Let k be g(2). Suppose 0*t = t + k. Give p(t).
6
Let n(u) = 3*u + 18. Let f(v) = v**2 + 7*v - 12. Let w be f(-7). Determine n(w).
-18
Suppose -4*z + 6*k = 9*k - 11, 2*z - 2*k = -12. Let q(v) = 4*v**3 + v**2 - 1. Determine q(z).
-4
Let x(l) = 5*l. Suppose 2*u - 12 = j - 7, -5*u + 4*j = -11. What is x(u)?
15
Let t(w) = -w + 14. Let r = 584 - 574. Determine t(r).
4
Let z(m) = -2*m - 1. Suppose 11 - 3 = 4*b. Suppose b*u = -4*u + 18. What is z(u)?
-7
Suppose 46*d + 90 = 61*d. Let x(w) = 2*w - 1. Give x(d).
11
Let u(g) = -4*g + 4*g**2 + g + 3 + 8*g - g. Give u(-2).
11
Let m be -1 - -1*(-1)/1. Let d be (-1)/m*(-6 - 0). Let v(o) = -2*o**2 + 3*o - 4 + 0*o - 7*o - o**3 + 2*o. Determine v(d).
11
Suppose -4*a + h = -8 + 35, 5*a + 15 = -5*h. Let m(t) = -t**3 - 7*t**2 - 7*t + 3. Calculate m(a).
9
Suppose 12*n + 74 = 2. Let z(l) = l**2 + 5*l - 4. Determine z(n).
2
Let k(w) = -w**3 + 3*w**2 + 3*w - 5. Let x = 47 - 47. Suppose 4*l + 21 - 1 = x, 2*l = -3*a + 2. Give k(a).
-9
Let y(k) be the first derivative of -k**4/4 + 8*k**3/3 - 4*k**2 - 2*k - 11. Give y(7).
-9
Let p(x) = -7*x**2 - 6*x - 3. Let f(v) = 6*v**2 + 5*v + 2. Let b(g) = -5*f(g) - 4*p(g). Suppose 2*h - 2*r = 14, 0 = -5*h + 3*r + 529 - 504. What is b(h)?
-8
Let q(a) be the third derivative of -a**6/120 + 3*a**5/20 + 5*a**4/12 - 5*a**3/6 + 153*a**2. Calculate q(10).
-5
Let n(o) = -4*o**2 - 4*o + 1. Let u be (8 + (-650)/80)*8. Give n(u).
1
Suppose -36*c + 39*c - 12 = 0. Let k(m) = m**3 - 5*m**2 - 6*m + 9. Let q be k(6). Let b(w) = 0*w**2 + 3*w + w**3 - 3*w**2 + 1 - q*w. Give b(c).
-7
Let l(z) = z - 1. Let s(q) = 2*q - 16. Let y be s(7). Let u(t) = t + 4. Let i(h) = y*l(h) - u(h). Determine i(-2).
4
Let n be (40/(-24))/((-10)/72). Let c = -3 + 6. Suppose d = -5*y + n, -3*d - 2*d - 24 = -c*y. Let r(q) = -q**3 - 4*q**2 + 4. Determine r(d).
-5
Let z(l) = l**3 - l**2 + 3. Let m(x) = -5*x**2 - 15*x + 7. Let c(p) = -m(p) - z(p). Calculate c(8).
-18
Let s be (-17)/(-4) - ((-9)/(-36))/1. Let x(h) = -h**3 + 5*h**2 - 2*h + 6. Calculate x(s).
14
Let k(t) = -10*t**2 - 1. Suppose 0 = 3*i - 2*h + 3, 5*i + h + 5 = -0. Calculate k(i).
-11
Let y(z) = z**3 + 5*z**2 - z - 4. Suppose -75 = -23*o + 38*o. Give y(o).
1
Let t(r) = -7*r - 23 + 5862*r**3 - 2928*r**3 - 9*r**2 - 2933*r**3. Give t(10).
7
Let w(t) = 3*t + 4. Let y(i) = -i - 2. Let d(g) = -6*w(g) - 17*y(g). Determine d(5).
5
Suppose -3*r + 2*r + 2 = 0. Suppose 0 = 134*j - 118*j - 16. Suppose 3*g + 2 = 3*y - j, 0 = r*g + 5*y - 33. Let m(w) = w**2 - 3*w. What is m(g)?
4
Let s(p) = p + 10. Let t = -1829 + 1820. What is s(t)?
1
Let q be 5 - (3 - 4 - -2). Let f(t) = -12*t + 1. Let a(l) = 12*l - 1. Let z(y) = q*f(y) + 5*a(y). Give z(1).
11
Let t(c) = 6*c**3 - 29*c**2 + 23*c**2 + 2*c + 6 - 20*c - 5*c**3. Give t(8).
-10
Let t(g) = 3*g**3 - g. Let c = -45 + 50. Suppose 0 = 5*a - c*m - 25, 4 = -0*m - m. What is t(a)?
2
Let q(s) = s**2 - 5*s + 1. Let x be q(4). Let u be (2/8)/(5/60). Let k(m) = -2 + 0*m + 4*m**2 + m + 3 + m + m**u. Give k(x).
4
Let g(i) be the second derivative of 1/2*i**3 + 0 - 5*i**2 + 21*i. Give g(7).
11
Let p(v) = -21*v**3 - 12*v**2 - v - 40. Let a(x) = -4*x**3 + x**2 - 1. Let s(y) = -5*a(y) + p(y). What is s(-17)?
-18
Let s = -28 + 30. Let a(i) = -7 + 4*i**s - 4*i - 3*i**2 + 3*i - i. What is a(5)?
8
Suppose 0 = 10*f + 4 - 34. Suppose 7*h + 11 = -f. Let n(v) = v**3 + v**2 - 3*v - 1. Calculate n(h).
1
Let s(v) be the first derivative of -11*v**2/2 - 4*v + 16. Determi